{"id":1776,"date":"2013-06-08T17:23:34","date_gmt":"2013-06-08T15:23:34","guid":{"rendered":"http:\/\/www.sav-torgelow-ringen.de\/RV%20MV2\/wordpress_341-de\/wordpress\/?page_id=1776"},"modified":"2013-11-19T22:52:47","modified_gmt":"2013-11-19T20:52:47","slug":"videos","status":"publish","type":"page","link":"https:\/\/www.ringen-mv.de\/?page_id=1776","title":{"rendered":"Videos"},"content":{"rendered":"<ul>\n<li><a href=\"http:\/\/www.ndr.de\/fernsehen\/sendungen\/nordmagazin\/media\/nordmagazin20089.html\" target=\"_blank\">Ringerverein L\u00fcbtheen auf Erfolgskurs<\/a><br \/>\nNordmagazin &#8211; 17.11.2013 &#8211; 19:30 Uhr<\/li>\n<li><a href=\"http:\/\/www.youtube.com\/watch?v=JmDU0DtAZKk\" target=\"_blank\">Ein Demminer nicht verliert<\/a><br \/>\nDas Ringerlied aus Demmin<\/li>\n<li><a href=\"http:\/\/www.ndr.de\/fernsehen\/sendungen\/nordmagazin\/media\/nordmagazin15821.html\" target=\"_blank\">Die talentierten Ringer-Zwillinge<br \/>\n<\/a>Nordmagazin &#8211; 12.03.2013 19:30 Uhr<\/li>\n<li><a href=\"http:\/\/www.ndr.de\/fernsehen\/sendungen\/nordmagazin\/media\/nordmagazin15429.html\" target=\"_blank\">Ringer entt\u00e4uscht \u00fcber Olympia-Aus<br \/>\n<\/a>Nordmagazin &#8211; 17.02.2013 19:30 Uhr<\/li>\n<li><a href=\"http:\/\/www.ndr.de\/fernsehen\/sendungen\/nordmagazin\/media\/nordmagazin14157.html\" target=\"_blank\"><span style=\"line-height: 13px;\">Ringen in L\u00fcbthee<\/span>n<\/a><br \/>\n<span style=\"line-height: 13px;\">Nordmagazin &#8211; 02.12.2012 19:30 Uhr<\/span><\/li>\n<li><a href=\"http:\/\/www.youtube.com\/watch?v=IXom6vhwo9Q\" target=\"_blank\">8. Pokalturnier der Ringer in Demmin<\/a><br \/>\nPeeneTV &#8211; 16.04.2011<\/li>\n<li><a href=\"http:\/\/www.youtube.com\/watch?v=84lazwIjDtE\" target=\"_blank\">Ringen 10. Jugendsportspiele MV<\/a><br \/>\nSportfernsehen Schwerin &#8211; 03.07.2010<\/li>\n<\/ul>\n","protected":false},"excerpt":{"rendered":"<p>Ringerverein L\u00fcbtheen auf Erfolgskurs Nordmagazin &#8211; 17.11.2013 &#8211; 19:30 Uhr Ein Demminer nicht verliert Das Ringerlied aus Demmin Die talentierten Ringer-Zwillinge Nordmagazin &#8211; 12.03.2013 19:30 Uhr Ringer entt\u00e4uscht \u00fcber Olympia-Aus Nordmagazin &#8211; 17.02.2013 19:30 Uhr Ringen in L\u00fcbtheen Nordmagazin &#8211; 02.12.2012 19:30 Uhr 8. Pokalturnier der Ringer in<\/p>\n","protected":false},"author":1,"featured_media":0,"parent":0,"menu_order":0,"comment_status":"open","ping_status":"open","template":"","meta":{"footnotes":""},"class_list":["post-1776","page","type-page","status-publish","hentry"],"_links":{"self":[{"href":"https:\/\/www.ringen-mv.de\/index.php?rest_route=\/wp\/v2\/pages\/1776","targetHints":{"allow":["GET"]}}],"collection":[{"href":"https:\/\/www.ringen-mv.de\/index.php?rest_route=\/wp\/v2\/pages"}],"about":[{"href":"https:\/\/www.ringen-mv.de\/index.php?rest_route=\/wp\/v2\/types\/page"}],"author":[{"embeddable":true,"href":"https:\/\/www.ringen-mv.de\/index.php?rest_route=\/wp\/v2\/users\/1"}],"replies":[{"embeddable":true,"href":"https:\/\/www.ringen-mv.de\/index.php?rest_route=%2Fwp%2Fv2%2Fcomments&post=1776"}],"version-history":[{"count":11,"href":"https:\/\/www.ringen-mv.de\/index.php?rest_route=\/wp\/v2\/pages\/1776\/revisions"}],"predecessor-version":[{"id":2348,"href":"https:\/\/www.ringen-mv.de\/index.php?rest_route=\/wp\/v2\/pages\/1776\/revisions\/2348"}],"wp:attachment":[{"href":"https:\/\/www.ringen-mv.de\/index.php?rest_route=%2Fwp%2Fv2%2Fmedia&parent=1776"}],"curies":[{"name":"wp","href":"https:\/\/api.w.org\/{rel}","templated":true}]}}

<ul>
<li><a href="http://www.ndr.de/fernsehen/sendungen/nordmagazin/media/nordmagazin20089.html" target="_blank">Ringerverein Lübtheen auf Erfolgskurs</a><br />
Nordmagazin &#8211; 17.11.2013 &#8211; 19:30 Uhr</li>
<li><a href="http://www.youtube.com/watch?v=JmDU0DtAZKk" target="_blank">Ein Demminer nicht verliert</a><br />
Das Ringerlied aus Demmin</li>
<li><a href="http://www.ndr.de/fernsehen/sendungen/nordmagazin/media/nordmagazin15821.html" target="_blank">Die talentierten Ringer-Zwillinge<br />
</a>Nordmagazin &#8211; 12.03.2013 19:30 Uhr</li>
<li><a href="http://www.ndr.de/fernsehen/sendungen/nordmagazin/media/nordmagazin15429.html" target="_blank">Ringer enttäuscht über Olympia-Aus<br />
</a>Nordmagazin &#8211; 17.02.2013 19:30 Uhr</li>
<li><a href="http://www.ndr.de/fernsehen/sendungen/nordmagazin/media/nordmagazin14157.html" target="_blank"><span style="line-height: 13px;">Ringen in Lübthee</span>n</a><br />
<span style="line-height: 13px;">Nordmagazin &#8211; 02.12.2012 19:30 Uhr</span></li>
<li><a href="http://www.youtube.com/watch?v=IXom6vhwo9Q" target="_blank">8. Pokalturnier der Ringer in Demmin</a><br />
PeeneTV &#8211; 16.04.2011</li>
<li><a href="http://www.youtube.com/watch?v=84lazwIjDtE" target="_blank">Ringen 10. Jugendsportspiele MV</a><br />
Sportfernsehen Schwerin &#8211; 03.07.2010</li>
</ul>

<p>Ringerverein Lübtheen auf Erfolgskurs Nordmagazin &#8211; 17.11.2013 &#8211; 19:30 Uhr Ein Demminer nicht verliert Das Ringerlied aus Demmin Die talentierten Ringer-Zwillinge Nordmagazin &#8211; 12.03.2013 19:30 Uhr Ringer enttäuscht über Olympia-Aus Nordmagazin &#8211; 17.02.2013 19:30 Uhr Ringen in Lübtheen Nordmagazin &#8211; 02.12.2012 19:30 Uhr 8. Pokalturnier der Ringer in</p>
